*v - 3*v = y - 496. What is the units digit of v?
4
Let x(j) = -2*j**3 + 4*j**2 + 8*j - 11. Suppose -2*s = -1 + 11, -15 = -m + 2*s. Let h be x(m). Let a = -11 - h. What is the units digit of a?
0
Let x(u) = 766*u**2 + 72*u + 180. What is the ten thousands digit of x(-4)?
1
Let g(i) = i**2 - 5 + 1 + 2*i + 2 + 74*i**3. Suppose 4*t = -5*r + 25, 0 = 4*r - 2*r - 3*t + 13. What is the units digit of g(r)?
5
Let j be (-75)/(-9) - 8 - (-32316)/9. Suppose 0 = 6*r + 3*r - j. What is the units digit of r?
9
Suppose 0 = 3*c - 5*t + 375 - 4459, 0 = 5*c - 5*t - 6800. Let x = 2023 - c. What is the units digit of x?
5
Suppose -2*v - 2 = -6*f + 2*f, f + 22 = 3*v. Let r be (-2 - (-21)/v)*9 + -3. Suppose 5*o - 449 - 11 = r. What is the units digit of o?
2
Let b be 90/(-25)*20/(-6). Let c(n) = b*n + 7*n + 0*n + 26. What is the tens digit of c(3)?
8
Let o be (-1)/(-4) - (2 - 6/8). What is the units digit of 2 + o/((27/372)/(-9))?
6
Suppose 4*n - 2*y = -7*y - 4864, -n - 5*y = 1216. Let z = -854 - n. What is the hundreds digit of z?
3
Let j = -4058 + 7422. What is the tens digit of j?
6
Suppose u = 1, -2438 = t - 3*u - 12464. What is the units digit of t?
9
Let s(g) = g**3 + 18*g**2 + 3*g - 63. Suppose -13*o = -10*o + 45. What is the tens digit of s(o)?
6
Let n(i) = -4*i**3 - 78*i**2 - 25*i + 129. What is the units digit of n(-20)?
9
What is the units digit of (-38 - 2749)*1/(-3)?
9
Suppose -4*o + 1 = -19. Suppose 3*g = 3, -5*b - 3*g + 76 = -7*g. Suppose 4*c = 4*y - o*y + 38, 4*c = -b. What is the tens digit of y?
5
Suppose 0*n - 3*x - 48 = -3*n, -3*n = 4*x - 20. What is the units digit of (5656/32)/(3/n) - -5?
2
Let m be 5 - (9 + -16)*(-1 + 2). Let t(x) = 43*x - 59. What is the units digit of t(m)?
7
What is the ten thousands digit of (-144)/324 + 267853/9?
2
Suppose 16*a + 4*c + 5837 = 17*a, -11644 = -2*a + 2*c. What is the hundreds digit of a?
8
Suppose 37 = 2*m + 13. Suppose -3*g + y = -m, 2*g - 4*y + 3*y = 9. Suppose -2*u + 3*t + 121 = 0, -u - g*t + 63 = -4*t. What is the units digit of u?
8
Let u(y) be the first derivative of y**4/2 + y**3/3 - 5*y**2/2 + 14*y - 71. What is the tens digit of u(4)?
3
What is the hundreds digit of (-4)/30 + (-29)/((-8265)/10383728) - -4?
4
Suppose 4*o + 412 = 5*o. Suppose o = 6*t - 2378. What is the hundreds digit of t?
4
Suppose 11*b + 163 = -q + 9*b, -4*b = q + 155. What is the hundreds digit of (-121714)/q - 4/(-18)?
7
Suppose 31905 = -111*k + 79*k + 166657. What is the tens digit of k?
1
Suppose -2556 = -178*d + 174*d + t, 3195 = 5*d + 5*t. What is the hundreds digit of d?
6
Let d(x) = 35*x - 18. Let u be d(1). Suppose u*w - 8596 = 12042. What is the tens digit of w?
1
Let a(h) = -h**3 - 14*h**2 + 2*h + 28. Let d be a(-14). Suppose d = 5*n + 35 - 1810. What is the units digit of n?
5
Let v(s) = s - 1. Let a(i) = 10*i + 6. Let x(l) = -2*a(l) + 18*v(l). Let m be x(-6). What is the hundreds digit of 4/m - ((-4056)/27 - 3)?
1
Let d(f) = -725*f - 22. Let w(c) = 2175*c + 69. Let j(z) = 7*d(z) + 2*w(z). What is the hundreds digit of j(-1)?
7
Suppose 0 = 2*z - 4*h - 4, -3*h - 47 = 92*z - 88*z. Let o(r) = 30*r + 6. Let p be o(-4). What is the tens digit of p/z*(9 - -3)?
7
Let o(i) = -5216*i**3 + i**2 + 15*i + 14. What is the units digit of o(-1)?
6
Suppose -22488 = -3*z + 3*u, 19673 = 3*z - 4*u - 2817. What is the hundreds digit of z?
4
Suppose -6*j + 1399 + 1049 = 0. Suppose 0 = -41*d + 33*d + j. What is the tens digit of d?
5
Let d be (2/4)/(1 + 558/(-564)). Suppose -49*b = -d*b - 1024. Suppose 4*h + 0*h - 2*u = b, -5*h + 627 = 4*u. What is the units digit of h?
7
Let c be 6 + (-3 - -21)*(-1)/3. Suppose c = -15*y - 16*y + 310. What is the units digit of y?
0
Let w = -16032 + 25294. What is the thousands digit of w?
9
Suppose 0 = r - 6*r - 4*o + 3, -2*o = 6. What is the tens digit of (-3146)/(-13) - (-2 - r)?
4
What is the thousands digit of 1086*((-231)/(-22) - -19)?
2
Let b(q) = 3818*q**2 - 36*q + 68. What is the ten thousands digit of b(2)?
1
Let f(h) = 11798*h + 245. What is the hundreds digit of f(1)?
0
Suppose -2*n = s + 2 + 5, 0 = 4*n + 16. Suppose -c = 3*h + 8, -2*h - s = 4*c + 1. Let y(u) = 131*u**2 + u - 2. What is the units digit of y(c)?
0
Suppose -5*t = -15, -35*m + 31*m + 4*t = -332580. What is the units digit of m?
8
Suppose -10 = -6*r + 116. Let l be 14/r - (-104)/6 - -2. Suppose -5*x = t - 0*t - 356, -5*t = l. What is the tens digit of x?
7
Let n(z) = 62 + z - 42 - 9*z. Let c be n(2). Suppose 3*o + 444 = 6*o - c*b, 5*o = -2*b + 740. What is the tens digit of o?
4
Let w(q) = q**3 + 26*q**2 - q - 20. Let m be w(-26). Let l be 1*-2*m/(-4) - -1. What is the units digit of 3 + l + (1 - -62)?
0
Let w(k) = 6*k**2 - 44*k - 6. Let t = 462 + -448. What is the hundreds digit of w(t)?
5
Suppose -7*s - 6116 = -46*s + 196450. What is the hundreds digit of s?
1
Let y = 9 - -4. Let a(x) = 7*x - 29. Let u be a(y). Let t = 143 - u. What is the tens digit of t?
8
Let r be 1/30*50194 - 14/105. Let f = 46 + r. What is the tens digit of f?
1
Let g be 3/((-18)/120*-2). Suppose -g*a - 2170 = -15*a. What is the hundreds digit of a?
4
Let y(l) = 362 - 744 + 81*l**2 + 355 - 15*l. What is the hundreds digit of y(-2)?
3
Let f(q) = 427*q - 1184. What is the units digit of f(10)?
6
Let z(f) = -2046*f - 354. What is the units digit of z(-4)?
0
Let m(w) = 2*w**3 - w**2 + 15. Let o be m(0). Suppose o*b - 22*b = -3955. What is the hundreds digit of b?
5
Let n = 66 + -64. Let p(f) be the second derivative of 5*f**4/6 - 5*f**2/2 + 10*f. What is the tens digit of p(n)?
3
Suppose -7*d + 101 + 165 = 0. Suppose 0 = -5*y + 293 + 252. Suppose 0 = 5*r - g - 0*g - y, 2*r = -g + d. What is the tens digit of r?
2
Let r(g) = 141*g**2 - 296*g + 4391. What is the ten thousands digit of r(15)?
3
Suppose -7*m + 116 + 122 = 0. Suppose 3*b + m = 43. Suppose -t + 435 = 3*t - b*c, 445 = 4*t - 5*c. What is the tens digit of t?
0
Suppose 109700 = -44*j + 54*j. What is the units digit of j?
0
Let q(g) = -397*g + 450. What is the thousands digit of q(-26)?
0
Let v(i) = -i**3 - 4*i**2 + 2*i - 7. Let h be v(-3). Let d = h - -793. What is the tens digit of d?
7
Let k be (-1)/2*12*3/(-6). Suppose 2*o + o = -5*x + 2218, k*x - 1324 = 5*o. What is the hundreds digit of x?
4
Let a = -2492 - -5810. What is the tens digit of a?
1
Let q be (-8)/6*12/(-8). Let w(a) = -7*a - 45. Let c be w(-9). What is the tens digit of (-1 + q - (-17 + 17)) + c?
1
Let s(z) = 134*z**2 + 44*z - 445. What is the thousands digit of s(16)?
4
Let g(p) = 3076*p - 1569*p - 1541*p + 164. What is the units digit of g(4)?
8
What is the hundreds digit of ((271782/(-14))/9)/((-6)/34)?
2
Let a = 161 + -101. Let b be (4/10)/((-2)/a*-3). Let g(x) = 15*x**2 - 8*x + 1. What is the tens digit of g(b)?
0
Let a be 7/(-21) + (-17760)/9*-1. Suppose -17*b = a - 6478. What is the units digit of b?
5
Suppose -65 + 81 = 4*g. Suppose -g*n + 2840 = -1716. What is the thousands digit of n?
1
Let o be (0 - (-2)/3)/(2/9). Let k be (-1 + -47)*-4*o/6. Let c = k + 34. What is the hundreds digit of c?
1
Suppose 890 = 389*z - 394*z. What is the units digit of z*(-3 + (-2)/2)?
2
Let l(f) = 10*f. Let y be l(-1). Let i be y/(-15)*(-15)/(-2). Suppose 0 = -3*b + i*b - 36. What is the tens digit of b?
1
Let o(r) = 41*r**2 + 3*r - 2. Let p be o(4). Suppose 3*q + 366 = -p. What is the units digit of (-1)/(3 - (-1034)/q)?
2
Let n = -144 - -146. Suppose -n*a + 9 = 1. Suppose -35 + 479 = a*s. What is the hundreds digit of s?
1
Let h = 84 - 79. Suppose 4*u - h*t = -784, -42 = u + t + 154. What is the tens digit of u/(-10)*(-2 - (-6 - 1))?
9
Let c = 7148 + -5064. What is the hundreds digit of c?
0
Let t(h) = -h**2 + 21*h - 14. Let b be t(20). What is the hundreds digit of -676*(15/(-2) + b)?
0
What is the hundreds digit of ((-910)/56)/((-10)/180*(-6)/(-20))?
9
Let p(r) = 4*r + 10. Let s be p(9). Suppose 4*d + 10 + 46 = 4*w, -5*w - d + s = 0. What is the units digit of (-16)/(-40) - (-496)/w?
0
Let x(v) = -113*v + 82. Let i be x(-9). Suppose 0 = 5*j, -6*j = n - j - i. What is the hundreds digit of n?
0
Suppose -16*x = -18*x - 128. What is the tens digit of (-10)/(-8)*x*64/(-8)?
4
Let p(m) = m**3 - 2*m**2 + m. Let n be p(2). Suppose -10*u - d + 2428 = -5*u, 0 = n*u + d - 970. Suppose -39*v - u = -41*v. What is the units digit of v?
3
Suppose 34 = 4*z